x and 2.
2
Let t(v) = -268*v - 9. Let w(s) = -s - 3. Let c(l) = -t(l) + 6*w(l). Let k be c(1). What is the greatest common factor of k and 69?
23
Let n be (1 - -8)/((-448)/24 + 19). What is the highest common divisor of 1035 and n?
9
Suppose w = -3*w + 112. Suppose 0 = 4*g + 5*a - 214, 5*g + 46*a = 43*a + 274. Calculate the greatest common divisor of g and w.
28
Suppose 28*s - 11*s - 272 = 0. Suppose 5*t + d - s = 0, 4*t - 2 = 5*d + 5. What is the highest common factor of 75 and t?
3
Let b = 123153 - 69270. Calculate the greatest common factor of b and 9.
9
Suppose 0 = 89*u + 18*u - 321. What is the highest common divisor of 87 and u?
3
Let d = -66 + 69. Let s be (3 + -2 - d) + 4/1. Suppose 3*k = r - 39, 0 = r + s*k - 67 + 18. Calculate the highest common divisor of r and 18.
9
Let s(q) = q + 10. Let t be s(7). Suppose 148 = 269*h - 265*h. Suppose 2*f + h = j - 3*f, -4*f = -4*j + 84. Calculate the greatest common factor of j and t.
17
Suppose -x + 171 = 23*d - 25*d, x - 153 = -4*d. Calculate the greatest common divisor of x and 264.
33
Let j = 1101 + -1049. Calculate the greatest common divisor of 884 and j.
52
Let c(j) = 1 + 2 + j + 10 + 2*j**2 + 3. Let a be c(0). Suppose -h = -4*i + a, -2*h + 7*h = 4*i - 16. Calculate the greatest common factor of i and 16.
4
Let h be ((-4)/2 - -5) + (-6 - -220). Let u = 231 + -169. What is the highest common divisor of u and h?
31
Suppose 110*n + 438 = 108*n. Let l = n + 230. Let r(p) = p**3 + 5*p**2 - p + 2. Let w be r(-4). Calculate the highest common factor of l and w.
11
Let c(o) = -o**3 + o**2 + 220. Let d be c(0). Suppose -16*m + d = -404. What is the highest common divisor of m and 9?
3
Let g = -2370 + 3800. Calculate the greatest common divisor of 44 and g.
22
Suppose 164*r + 41*r - 21*r - 496800 = 0. Calculate the highest common factor of 120 and r.
60
Let t be (-3371104)/1727*(4*5)/(-1). Calculate the greatest common factor of t and 61.
61
Let m(i) be the first derivative of 9*i**2/2 - 33*i - 70. Let a be m(8). What is the greatest common factor of 13 and a?
13
Let u(q) = q**3 - 166*q**2 - 326*q - 1563. Let b be u(168). Calculate the highest common factor of b and 2899.
13
Suppose 2*o + w = 815, -177 = 3*w - 162. What is the greatest common factor of o and 246?
82
Suppose -5*x + 3*q + 190 = 71, 10 = x + 4*q. Suppose x + 30 = 4*h. Suppose 15*b = h*b + 250. What is the highest common divisor of 25 and b?
25
Let o = 330 - 101. Let x = -117 + o. What is the highest common divisor of 70 and x?
14
Let m(f) = 2*f**3 + 110*f**2 - 59*f - 485. Let t be m(-55). Calculate the highest common factor of 1288 and t.
184
Let o(i) = 33*i + 685. Let l be o(-20). Calculate the greatest common divisor of l and 3725.
25
Suppose 0 = -5*t - 5*h + 10110, -3*t - 15*h + 17*h + 6081 = 0. Calculate the greatest common divisor of t and 25.
25
Suppose -6592 = -130*k + 1288 + 960. What is the highest common divisor of 51 and k?
17
Suppose -20*a - 184 = -28*a. Suppose a = -k + 83. Calculate the highest common divisor of k and 12.
12
Let c be 1 + 6 - 55660/66*-3. What is the greatest common factor of c and 43?
43
Let j = 515 + -513. Suppose -4*v = 2*k - 42, -8 = -v - k + j. Calculate the greatest common divisor of v and 649.
11
Suppose -3*g = j + 71 + 1, 66 = -3*g - 3*j. Let m = g - -16. Let t be m/2*(-66)/9. Calculate the highest common factor of t and 33.
33
Suppose 69*m - 143194 = 32204. Calculate the greatest common factor of 328 and m.
82
Let o = -17563 - -17604. Calculate the highest common divisor of o and 3.
1
Suppose 9*a + 30 = 8*a. Let h be (36/a)/(4 - 405/100). Suppose -5*x = -4*z - 248, 0 = 4*x + 3*z - 31 - 155. What is the highest common divisor of h and x?
24
Let z be -1 - ((0 - 0) + -91). Let u = 353 - 358. Let b(f) = -36*f - 144. Let r be b(u). Calculate the highest common factor of r and z.
18
Let w be (-368)/56*(-7)/2. Let m = w - -1. What is the greatest common divisor of m and 72?
24
Let o be (3 + (-1)/(-1))*(-23)/(-92). Let n(x) = 56*x**3 - 3*x + 3. Let l be n(o). Calculate the highest common divisor of l and 42.
14
Let n = 1644 + 105. Let u = n - 1018. Calculate the greatest common divisor of u and 43.
43
Let d(s) = 172*s - 333. Let r be d(2). What is the highest common divisor of r and 95?
1
Let l(w) = -7*w**2 - 39*w - 16. Let a(o) = 5*o**2 + 39*o + 17. Let t(h) = 3*a(h) + 2*l(h). Let d be t(-39). Calculate the greatest common divisor of d and 1159.
19
Let z = -206 - -250. Let l be (6/6)/((-1)/(-88)). What is the highest common divisor of z and l?
44
Let b(u) = 215*u - 1246. Let o be b(14). Calculate the greatest common divisor of o and 8.
4
Suppose -114 - 1730 = -207*i + 2089. Let a be 4*2*-38*-1. Calculate the greatest common factor of i and a.
19
Let v(b) = 7*b**3 + 4*b**2 + 6*b - 1. Let f be v(-3). Let m = 222 + f. What is the greatest common divisor of m and 100?
50
Let y be (5 - -4)*(13 + 451/(-33)) - -74. Let m(g) = -271*g + 1. Let i be m(-1). Calculate the greatest common divisor of i and y.
68
Suppose 169*c = 184*c - 13 - 437. Calculate the highest common divisor of c and 270.
30
Let d(r) = -3*r**3 + 138*r**2 + 3*r + 82. Let a be d(44). What is the highest common factor of 10 and a?
10
Let l be 12/210 + 37228/1435. What is the greatest common factor of l and 6188?
26
Let q(t) = t**2 + 11. Let v be q(-17). Suppose -n = 0, -4*c + c + n + v = 0. Calculate the highest common divisor of 8 and c.
4
Let p(n) = -2*n - 3. Let v be p(-5). Suppose 3*a + 5*l - 884 = 200, -5*l = -4*a + 1317. What is the greatest common divisor of v and a?
7
Let j be (-6588)/(-1952)*(-192)/(-9). Calculate the greatest common factor of 1395 and j.
9
Let q(z) = z**2 - 27*z + 23. Let b be q(12). Let p = b + 212. What is the highest common factor of 44 and p?
11
Let m(k) = -144*k**2 - 5*k + 18. Let t(n) = -73*n**2 - 2*n + 8. Let s(b) = 4*m(b) - 9*t(b). Let c be s(1). Calculate the highest common factor of c and 711.
79
Suppose 8804 = 4*r + 466*b - 470*b, 3*r + 5*b - 6563 = 0. What is the highest common factor of r and 72?
36
Suppose 896 - 28 = -4*l. Let j = l + 257. What is the greatest common factor of j and 15?
5
Let j(n) = 210*n + 876. Let u be j(-4). Calculate the highest common factor of 12204 and u.
36
Let f(u) = u**2 - 22*u + 30. Let p be f(13). Let r = p - -89. Suppose x + 2*n = -r*n + 53, -4*n = 0. Calculate the highest common divisor of x and 53.
53
Suppose 4*f = -8, -4*r + 36 + 56 = 4*f. Let a be (-4)/10 + 110/r. Suppose 0*n = 2*n - a*c - 30, 0 = -4*c - 12. What is the greatest common factor of 6 and n?
3
Suppose 69*m + 217 = 898 + 561. What is the greatest common factor of m and 7302?
6
Suppose 7*h - 726 - 1010 = 0. Let v = h - 199. Calculate the highest common factor of 98 and v.
49
Suppose -60*q + 13*q + 2914 = 0. Let b = 400 + q. Calculate the greatest common divisor of 66 and b.
66
Let b be 3108/(-63)*(-4 - -1). Calculate the greatest common divisor of b and 104.
4
Suppose 7*q + 835 = -1111. Let z be 4/8 - (-2 - q/(-4)). Let i = 132 + -24. What is the greatest common factor of i and z?
36
Let i = -1431 + 1433. Suppose 0 = 5*h + 69 - 334. Suppose -a - 5*p + i*p = -1, -h = -5*a + p. What is the greatest common factor of a and 80?
10
Suppose -5*n = -111 - 44. Suppose n = 5*f + 6. Suppose f*j - 2*u - 47 = 0, -3*j - 4*u + 15 = -8. What is the highest common factor of 18 and j?
9
Suppose -28869 = -22*d - 2*d + 7947. Calculate the highest common factor of 104 and d.
26
Let k be (-14 + -9)/((-6)/876). What is the greatest common factor of k and 46?
46
Suppose 5*q - 90 = -2*o, -3*q + 881*o + 43 = 880*o. Calculate the highest common factor of q and 72.
8
Let h be (6/8)/(1/20). Suppose -9*v + 394*v = 128 + 17197. Calculate the greatest common factor of h and v.
15
Let u(k) = k**2 - 14*k - 47. Suppose 9*m = 7*m + 36. Let s be u(m). Calculate the highest common factor of 50 and s.
25
Let m = -104 + 108. Suppose v - 5*s = -0*s - 9, -m*s = -4*v + 28. Suppose v*t = 16*t - 315. Calculate the highest common factor of 9 and t.
9
Let q be ((-12)/9 - 0)/((-13)/39). Suppose -50 = -2*o - 3*o - 5*s, 2*s - 27 = -3*o. Suppose -o*t + 105 - 21 = 0. Calculate the highest common factor of q and t.
4
Let p = -6753 + 6768. What is the highest common divisor of p and 1695?
15
Let h(f) = -f**2 + 21*f - 49. Let j be h(18). What is the highest comm